{"id":28,"date":"2014-05-08T10:49:52","date_gmt":"2014-05-08T09:49:52","guid":{"rendered":"http:\/\/elcep.legtux.org\/?page_id=28"},"modified":"2018-03-16T08:02:54","modified_gmt":"2018-03-16T07:02:54","slug":"a-propos","status":"publish","type":"page","link":"https:\/\/elcep.legtux.org\/?page_id=28","title":{"rendered":"\u00e0 propos"},"content":{"rendered":"<p><a href=\"http:\/\/elcep.legtux.org\/wp-content\/uploads\/2014\/05\/moi.jpg\"><img loading=\"lazy\" decoding=\"async\" class=\"alignright size-medium wp-image-32\" src=\"http:\/\/elcep.legtux.org\/wp-content\/uploads\/2014\/05\/moi-300x300.jpg\" alt=\"moi\" width=\"300\" height=\"300\" srcset=\"https:\/\/elcep.legtux.org\/wp-content\/uploads\/2014\/05\/moi-300x300.jpg 300w, https:\/\/elcep.legtux.org\/wp-content\/uploads\/2014\/05\/moi-150x150.jpg 150w, https:\/\/elcep.legtux.org\/wp-content\/uploads\/2014\/05\/moi.jpg 580w\" sizes=\"auto, (max-width: 300px) 100vw, 300px\" \/><\/a><br \/>\nRecrut\u00e9 en 2018 en tant que jeune chercheur au <a href=\"https:\/\/www.cirad.fr\/\" rel=\"noopener\" target=\"_blank\">CIRAD<\/a> au sein de l&rsquo;<a href=\"https:\/\/ur-green.cirad.fr\/\" rel=\"noopener\" target=\"_blank\">UPR GREEN<\/a>, je m&rsquo;int\u00e9resse aux syst\u00e8mes mutli-agents dans des contextes de mod\u00e9lisation d&rsquo;accompagnement et de gestion des ressources renouvelable. Je cultive une forte curiosit\u00e9 pour l&rsquo;\u00e9mergence de la coop\u00e9ration et de l&rsquo;entraide dans ce type de contexte.<\/p>\n<p>2017 a \u00e9t\u00e9 pour mois une ann\u00e9e S\u00e9n\u00e9galaise dans le cadre d&rsquo;un postdoctorat fianc\u00e9 par le <a href=\"http:\/\/www.driihm.fr\/\">Labex DRIIM<\/a> (Dispositif de Recherche interdisciplinaire sur les Interactions Hommes-Milieux) pour l&rsquo;<a href=\"http:\/\/ohmi-tessekere.in2p3.fr\/\">OHMi T\u00e9ss\u00e9k\u00e9r\u00e9<\/a> (Observatoire Hommes-Milieux) du CNRS.<\/p>\n<p>J&rsquo;ai travaill\u00e9 \u00e0 la mise en place d&rsquo;une base de donn\u00e9es, et au cod\u00e9veloppement de mod\u00e8les multi-agents pour l&rsquo;ANR <a href=\"http:\/\/future-sahel.blogspot.sn\/\">Future Sahel<\/a>.\u00a0Avec, d\u00e9j\u00e0, un int\u00e9r\u00eat particulier pour l&rsquo;\u00e9mergence de la coop\u00e9ration et de la gestion collective des ressources naturelles.<\/p>\n<p>Mon pr\u00e9c\u00e9dent postdoc s&rsquo;est fait \u00e0 l&rsquo;universit\u00e9 de Limoges au <a href=\"http:\/\/www.unilim.fr\/geolab\">Laboratoire GEOLAB<\/a> au sein de la chaire \u00ab\u00a0Capital environnemental et gestion durable des cours d&rsquo;eau\u00a0\u00bb. J&rsquo;ai travaill\u00e9, l\u00e0 aussi, sur les conditions d&rsquo;\u00e9mergence de la gestion collective des ressources naturelles, avec une entr\u00e9e centr\u00e9e sur l&rsquo;eau et l&rsquo;irrigation en aval du barrage de Vin\u00e7a dans les Pyr\u00e9n\u00e9es-Orientales.<\/p>\n<p>Durant ma <a href=\"https:\/\/github.com\/ElCep\/these_ed\">th\u00e8se<\/a> J&rsquo;ai travaill\u00e9 sur <a href=\"http:\/\/www.unilim.fr\/geolab\/2015\/06\/10\/prospective-paysagere-des-territoires-viticoles-de-fortes-pentes\/\">les dynamiques paysag\u00e8res de territoires viticoles<\/a> et sur les possibilit\u00e9s offertes par les syst\u00e8mes multi-agents pour pouvoir prospectiver ces \u00e9volutions.<\/p>\n<p>Je travail plus particuli\u00e8rement sur deux territoires : L&rsquo;AOC <a title=\"OSM\" href=\"http:\/\/www.openstreetmap.org\/?mlat=42.4603&amp;mlon=3.1013&amp;zoom=13#map=13\/42.4603\/3.1013\" target=\"_blank\" rel=\"noopener\">Banyuls-Collioure<\/a> (Pyr\u00e9n\u00e9e Orientale, France) et le <a title=\"OSM\" href=\"http:\/\/www.openstreetmap.org\/?mlat=46.164&amp;mlon=11.2035&amp;zoom=13#map=13\/46.1640\/11.2035\" target=\"_blank\" rel=\"noopener\">Val di Cembra<\/a> (Trentino, Italie).<\/p>\n<p>Je suis particuli\u00e8rement int\u00e9ress\u00e9 par les TICs, les logiciels libres et toutes les solutions de cartographie libre. Je suis donc naturellement membre du chapitre francophone de L&rsquo;<a href=\"http:\/\/osgeo.asso.fr\/\" target=\"_blank\" rel=\"noopener\">OSGeo<\/a> et depuis 2015 <a href=\"http:\/\/wiki.osgeo.org\/wiki\/User:Etienne\"><em>chapter membre de l&rsquo;OSGeo<\/em><\/a>.<\/p>\n<p>J&rsquo;ai d\u00e9couvert ce monde formidable en Italie lors de nombreuses exp\u00e9riences professionnelles au <a href=\"http:\/\/www.cervim.org\/fr\/viticulture-montagne-et-forte-pente.aspx\" target=\"_blank\" rel=\"noopener\">CERVIM<\/a> puis au sein du service<a href=\"http:\/\/meteogis.fmach.it\/wiki\/index.php\/Pagina_principale\" target=\"_blank\" rel=\"noopener\"> d&rsquo;informazion geografica<\/a> de la Fondazion E.MACH.<\/p>\n<p>Si j&rsquo;ai d\u00e9couvert ce monde par GRASS-GIS et Qgis, je suis aussi aujourd&rsquo;hui un utilisateur compulsif de R&#8230; Plus g\u00e9n\u00e9ralement je suis int\u00e9ress\u00e9 par les nouvelles technologies au service de la soci\u00e9t\u00e9 et de l\u2019am\u00e9nagement et la gestion des territoires (mon \u00ab\u00a0c\u0153ur de m\u00e9tier\u00a0\u00bb), pour cela je suis \u00e9galement contributeur sur <a href=\"http:\/\/www.openstreetmap.org\/#map=13\/45.8285\/1.2737\" target=\"_blank\" rel=\"noopener\">openStreetMap<\/a>.<\/p>\n<p>Vous pouvez me retrouver sur <a href=\"https:\/\/twitter.com\/ElCep\" target=\"_blank\" rel=\"noopener\">twitter<\/a> et sur <a href=\"https:\/\/github.com\/ElCep\" target=\"_blank\" rel=\"noopener\">gitHub<\/a> .<\/p>\n<p>Vous trouverez donc ici tout ce qui me passe par la t\u00eate et tout ce que j\u2019ai besoin de partager.<\/p>\n","protected":false},"excerpt":{"rendered":"<p>Recrut\u00e9 en 2018 en tant que jeune chercheur au CIRAD au sein de l&rsquo;UPR GREEN, je m&rsquo;int\u00e9resse aux syst\u00e8mes mutli-agents dans des contextes de mod\u00e9lisation d&rsquo;accompagnement et de gestion des ressources renouvelable. Je cultive une forte curiosit\u00e9 pour l&rsquo;\u00e9mergence de la coop\u00e9ration et de l&rsquo;entraide dans ce type de contexte. 2017 a \u00e9t\u00e9 pour mois &hellip; <a href=\"https:\/\/elcep.legtux.org\/?page_id=28\" class=\"more-link\">Continuer la lecture de <span class=\"screen-reader-text\">\u00e0 propos<\/span> <span class=\"meta-nav\">&rarr;<\/span><\/a><\/p>\n","protected":false},"author":2,"featured_media":0,"parent":0,"menu_order":0,"comment_status":"open","ping_status":"open","template":"","meta":{"footnotes":""},"class_list":["post-28","page","type-page","status-publish","hentry"],"_links":{"self":[{"href":"https:\/\/elcep.legtux.org\/index.php?rest_route=\/wp\/v2\/pages\/28","targetHints":{"allow":["GET"]}}],"collection":[{"href":"https:\/\/elcep.legtux.org\/index.php?rest_route=\/wp\/v2\/pages"}],"about":[{"href":"https:\/\/elcep.legtux.org\/index.php?rest_route=\/wp\/v2\/types\/page"}],"author":[{"embeddable":true,"href":"https:\/\/elcep.legtux.org\/index.php?rest_route=\/wp\/v2\/users\/2"}],"replies":[{"embeddable":true,"href":"https:\/\/elcep.legtux.org\/index.php?rest_route=%2Fwp%2Fv2%2Fcomments&post=28"}],"version-history":[{"count":10,"href":"https:\/\/elcep.legtux.org\/index.php?rest_route=\/wp\/v2\/pages\/28\/revisions"}],"predecessor-version":[{"id":407,"href":"https:\/\/elcep.legtux.org\/index.php?rest_route=\/wp\/v2\/pages\/28\/revisions\/407"}],"wp:attachment":[{"href":"https:\/\/elcep.legtux.org\/index.php?rest_route=%2Fwp%2Fv2%2Fmedia&parent=28"}],"curies":[{"name":"wp","href":"https:\/\/api.w.org\/{rel}","templated":true}]}}